{"id":630,"date":"2023-11-12T11:17:27","date_gmt":"2023-11-12T14:17:27","guid":{"rendered":"https:\/\/www.sindagrirs.org.br\/site\/?page_id=630"},"modified":"2023-12-05T15:49:36","modified_gmt":"2023-12-05T18:49:36","slug":"historia","status":"publish","type":"page","link":"https:\/\/www.sindagrirs.org.br\/site\/historia\/","title":{"rendered":"Hist\u00f3ria"},"content":{"rendered":"\t\t<div data-elementor-type=\"wp-post\" data-elementor-id=\"630\" class=\"elementor elementor-630\">\n\t\t\t\t\t\t<section class=\"elementor-section elementor-top-section elementor-element elementor-element-94eabb3 elementor-section-boxed elementor-section-height-default elementor-section-height-default\" data-id=\"94eabb3\" data-element_type=\"section\" data-settings=\"{&quot;jet_parallax_layout_list&quot;:[{&quot;jet_parallax_layout_image&quot;:{&quot;url&quot;:&quot;&quot;,&quot;id&quot;:&quot;&quot;,&quot;size&quot;:&quot;&quot;},&quot;_id&quot;:&quot;be6932c&quot;,&quot;jet_parallax_layout_speed&quot;:{&quot;unit&quot;:&quot;%&quot;,&quot;size&quot;:50,&quot;sizes&quot;:[]},&quot;jet_parallax_layout_image_tablet&quot;:{&quot;url&quot;:&quot;&quot;,&quot;id&quot;:&quot;&quot;,&quot;size&quot;:&quot;&quot;},&quot;jet_parallax_layout_image_mobile&quot;:{&quot;url&quot;:&quot;&quot;,&quot;id&quot;:&quot;&quot;,&quot;size&quot;:&quot;&quot;},&quot;jet_parallax_layout_type&quot;:&quot;scroll&quot;,&quot;jet_parallax_layout_direction&quot;:null,&quot;jet_parallax_layout_fx_direction&quot;:null,&quot;jet_parallax_layout_z_index&quot;:&quot;&quot;,&quot;jet_parallax_layout_bg_x&quot;:50,&quot;jet_parallax_layout_bg_x_tablet&quot;:&quot;&quot;,&quot;jet_parallax_layout_bg_x_mobile&quot;:&quot;&quot;,&quot;jet_parallax_layout_bg_y&quot;:50,&quot;jet_parallax_layout_bg_y_tablet&quot;:&quot;&quot;,&quot;jet_parallax_layout_bg_y_mobile&quot;:&quot;&quot;,&quot;jet_parallax_layout_bg_size&quot;:&quot;auto&quot;,&quot;jet_parallax_layout_bg_size_tablet&quot;:&quot;&quot;,&quot;jet_parallax_layout_bg_size_mobile&quot;:&quot;&quot;,&quot;jet_parallax_layout_animation_prop&quot;:&quot;transform&quot;,&quot;jet_parallax_layout_on&quot;:[&quot;desktop&quot;,&quot;tablet&quot;]}],&quot;background_background&quot;:&quot;classic&quot;}\">\n\t\t\t\t\t\t<div class=\"elementor-container elementor-column-gap-default\">\n\t\t\t\t\t<div class=\"elementor-column elementor-col-100 elementor-top-column elementor-element elementor-element-fce6a36\" data-id=\"fce6a36\" data-element_type=\"column\">\n\t\t\t<div class=\"elementor-widget-wrap elementor-element-populated\">\n\t\t\t\t\t\t<div class=\"elementor-element elementor-element-b42a0d0 elementor-widget elementor-widget-heading\" data-id=\"b42a0d0\" data-element_type=\"widget\" data-widget_type=\"heading.default\">\n\t\t\t\t<div class=\"elementor-widget-container\">\n\t\t\t<h1 class=\"elementor-heading-title elementor-size-default\">HIST\u00d3RIA<\/h1>\t\t<\/div>\n\t\t\t\t<\/div>\n\t\t\t\t<div class=\"elementor-element elementor-element-cdc2909 elementor-widget elementor-widget-text-editor\" data-id=\"cdc2909\" data-element_type=\"widget\" data-widget_type=\"text-editor.default\">\n\t\t\t\t<div class=\"elementor-widget-container\">\n\t\t\t\t\t\t\t<p>Em 16.12.1988, sessenta e tr\u00eas servidores da Delegacia Federal de Agricultura no Rio Grande do Sul criaram a organiza\u00e7\u00e3o sindical SINDAGRI\/RS \u2013 Sindicato dos Servidores do Minist\u00e9rio da Agricultura no RS, para prestar servi\u00e7os na base territorial do Rio Grande do Sul, representar as categorias profissionais em suas lutas pelos direitos individuais e coletivos, buscar o reconhecimento, a dignidade funcional e salarial, promover movimentos reivindicat\u00f3rios e pugnar pelo aperfei\u00e7oamento profissional.<\/p><p>O Estatuto do Sindicato foi aprovado e assim, eleita a Diretoria Provis\u00f3ria e Conselho Fiscal para um per\u00edodo de seis meses. Elegeu-se o 1\u00ba Presidente na pessoa de Mauro Chaves Vargas. A seguinte Diretoria no bi\u00eanio 1990\/1991 teve como Presidente Dulphe Pinheiro Machado Filho e para o bi\u00eanio de 1992\/1993, Nilson Paulo Michel Missel. O bi\u00eanio seguinte 1994\/1995 foi presidido por Ana Laura Martins e a partir dos bi\u00eanios de 1996\/1997 at\u00e9 o atual a presid\u00eancia est\u00e1 com Ant\u00f4nio Venceslau Martins.<\/p><p>Com a crescente ades\u00e3o de associados ativos e inativos, o SINDAGRI\/RS firmou contrato em 05.10.1992, com os advogados Francis Campos Bordas e Mauro Borges Loch para prestarem Assessoria Jur\u00eddica individual e coletiva nos assuntos referentes ao servi\u00e7o p\u00fablico federal, contrato que se perpetuou por todas as subseq\u00fcentes gest\u00f5es, raz\u00e3o social denominada atualmente Bordas Advogados Associados.<\/p><p>Em 19.10.2000, com a inten\u00e7\u00e3o de estender o benef\u00edcio aos sucessores, o SINDAGRI\/RS abriu o Estatuto para filia\u00e7\u00e3o de pensionistas cujos instituidores foram servidores do MAPA.<br \/>Em todas as gest\u00f5es o espa\u00e7o f\u00edsico do SINDAGRI teve o acolhimento do MAPA. Primeiramente nas depend\u00eancias da Rua Conde D\u2019Eu e subseq\u00fcente na Av. Loureiro da Silva.<\/p><p>Em 08.01.2009, foi adquirida a sede pr\u00f3pria situada na Rua dos Andradas, 955 \u2013 5\u00ba andar \u2013 Porto Alegre, com recursos pr\u00f3prios e projeto viabilizado com o apoio e confian\u00e7a de todos os associados.<\/p>\t\t\t\t\t\t<\/div>\n\t\t\t\t<\/div>\n\t\t\t\t\t<\/div>\n\t\t<\/div>\n\t\t\t\t\t<\/div>\n\t\t<\/section>\n\t\t<div class=\"elementor-element elementor-element-1f8a376 e-flex e-con-boxed e-con e-parent\" data-id=\"1f8a376\" data-element_type=\"container\" data-settings=\"{&quot;jet_parallax_layout_list&quot;:[],&quot;background_background&quot;:&quot;classic&quot;}\">\n\t\t\t\t\t<div class=\"e-con-inner\">\n\t\t\t\t<div class=\"elementor-element elementor-element-ae5ead5 elementor-widget elementor-widget-spacer\" data-id=\"ae5ead5\" data-element_type=\"widget\" data-widget_type=\"spacer.default\">\n\t\t\t\t<div class=\"elementor-widget-container\">\n\t\t\t\t\t<div class=\"elementor-spacer\">\n\t\t\t<div class=\"elementor-spacer-inner\"><\/div>\n\t\t<\/div>\n\t\t\t\t<\/div>\n\t\t\t\t<\/div>\n\t\t\t\t\t<\/div>\n\t\t\t\t<\/div>\n\t\t\t\t<\/div>\n\t\t","protected":false},"excerpt":{"rendered":"<p>HIST\u00d3RIA Em 16.12.1988, sessenta e tr\u00eas servidores da Delegacia Federal de Agricultura no Rio Grande do Sul criaram a organiza\u00e7\u00e3o sindical SINDAGRI\/RS \u2013 Sindicato dos Servidores do Minist\u00e9rio da Agricultura no RS, para prestar servi\u00e7os na base territorial do Rio Grande do Sul, representar as categorias profissionais em suas lutas pelos direitos individuais e coletivos, [&hellip;]<\/p>\n","protected":false},"author":1,"featured_media":0,"parent":0,"menu_order":0,"comment_status":"closed","ping_status":"closed","template":"page-templates\/fullwidth-content.php","meta":{"footnotes":""},"class_list":["post-630","page","type-page","status-publish","hentry"],"_links":{"self":[{"href":"https:\/\/www.sindagrirs.org.br\/site\/wp-json\/wp\/v2\/pages\/630","targetHints":{"allow":["GET"]}}],"collection":[{"href":"https:\/\/www.sindagrirs.org.br\/site\/wp-json\/wp\/v2\/pages"}],"about":[{"href":"https:\/\/www.sindagrirs.org.br\/site\/wp-json\/wp\/v2\/types\/page"}],"author":[{"embeddable":true,"href":"https:\/\/www.sindagrirs.org.br\/site\/wp-json\/wp\/v2\/users\/1"}],"replies":[{"embeddable":true,"href":"https:\/\/www.sindagrirs.org.br\/site\/wp-json\/wp\/v2\/comments?post=630"}],"version-history":[{"count":25,"href":"https:\/\/www.sindagrirs.org.br\/site\/wp-json\/wp\/v2\/pages\/630\/revisions"}],"predecessor-version":[{"id":712,"href":"https:\/\/www.sindagrirs.org.br\/site\/wp-json\/wp\/v2\/pages\/630\/revisions\/712"}],"wp:attachment":[{"href":"https:\/\/www.sindagrirs.org.br\/site\/wp-json\/wp\/v2\/media?parent=630"}],"curies":[{"name":"wp","href":"https:\/\/api.w.org\/{rel}","templated":true}]}}